{"id":468,"date":"2017-05-30T20:05:08","date_gmt":"2017-05-30T20:05:08","guid":{"rendered":"http:\/\/ieas-szeged.hu\/downtherabbithole\/?page_id=468"},"modified":"2017-09-16T15:42:10","modified_gmt":"2017-09-16T15:42:10","slug":"alice-2","status":"publish","type":"page","link":"http:\/\/ieas-szeged.hu\/downtherabbithole\/sample-page\/alice-2\/","title":{"rendered":"Alice"},"content":{"rendered":"<ul>\n<li><a href=\"http:\/\/ieas-szeged.hu\/downtherabbithole\/sample-page\/alice-2\/alice\/\">Magyar Alice Kiad\u00e1sok<\/a><\/li>\n<li><a href=\"http:\/\/ieas-szeged.hu\/downtherabbithole\/wp-content\/uploads\/2017\/05\/MAGYAR_BIBLIOGRAFIA_2014-02-09_final_AT.pdf\">Magyar ford\u00edt\u00e1sok teljes bibliogr\u00e1fi\u00e1ja<\/a><\/li>\n<li><a href=\"http:\/\/ieas-szeged.hu\/downtherabbithole\/sample-page\/alice-2\/magyar-szakirodalom\/\">Magyar nyelv\u0171 szakirodalom<\/a><\/li>\n<li><a href=\"http:\/\/ieas-szeged.hu\/downtherabbithole\/wp-content\/uploads\/2017\/05\/TARTALOMJEGYZ\u00c9K-FORD-1.jpg\"><img loading=\"lazy\" decoding=\"async\" class=\"alignnone wp-image-945\" src=\"http:\/\/ieas-szeged.hu\/downtherabbithole\/wp-content\/uploads\/2017\/05\/TARTALOMJEGYZ\u00c9K-FORD-1.jpg\" alt=\"\" width=\"636\" height=\"453\" \/><\/a><\/li>\n<\/ul>\n<p>&nbsp;<\/p>\n","protected":false},"excerpt":{"rendered":"<p>Magyar Alice Kiad\u00e1sok Magyar ford\u00edt\u00e1sok teljes bibliogr\u00e1fi\u00e1ja Magyar nyelv\u0171 szakirodalom &nbsp;<\/p>\n","protected":false},"author":3,"featured_media":0,"parent":2,"menu_order":0,"comment_status":"closed","ping_status":"closed","template":"","meta":{"footnotes":""},"class_list":["post-468","page","type-page","status-publish","hentry"],"_links":{"self":[{"href":"http:\/\/ieas-szeged.hu\/downtherabbithole\/wp-json\/wp\/v2\/pages\/468","targetHints":{"allow":["GET"]}}],"collection":[{"href":"http:\/\/ieas-szeged.hu\/downtherabbithole\/wp-json\/wp\/v2\/pages"}],"about":[{"href":"http:\/\/ieas-szeged.hu\/downtherabbithole\/wp-json\/wp\/v2\/types\/page"}],"author":[{"embeddable":true,"href":"http:\/\/ieas-szeged.hu\/downtherabbithole\/wp-json\/wp\/v2\/users\/3"}],"replies":[{"embeddable":true,"href":"http:\/\/ieas-szeged.hu\/downtherabbithole\/wp-json\/wp\/v2\/comments?post=468"}],"version-history":[{"count":5,"href":"http:\/\/ieas-szeged.hu\/downtherabbithole\/wp-json\/wp\/v2\/pages\/468\/revisions"}],"predecessor-version":[{"id":946,"href":"http:\/\/ieas-szeged.hu\/downtherabbithole\/wp-json\/wp\/v2\/pages\/468\/revisions\/946"}],"up":[{"embeddable":true,"href":"http:\/\/ieas-szeged.hu\/downtherabbithole\/wp-json\/wp\/v2\/pages\/2"}],"wp:attachment":[{"href":"http:\/\/ieas-szeged.hu\/downtherabbithole\/wp-json\/wp\/v2\/media?parent=468"}],"curies":[{"name":"wp","href":"https:\/\/api.w.org\/{rel}","templated":true}]}}