{"id":433,"date":"2017-05-30T07:35:25","date_gmt":"2017-05-30T07:35:25","guid":{"rendered":"http:\/\/ieas-szeged.hu\/downtherabbithole\/?page_id=433"},"modified":"2017-06-10T21:47:54","modified_gmt":"2017-06-10T21:47:54","slug":"szecsko-tamas","status":"publish","type":"page","link":"http:\/\/ieas-szeged.hu\/downtherabbithole\/keptelensegek\/szecsko-tamas\/","title":{"rendered":"1974, Szecsk\u00f3 Tam\u00e1s"},"content":{"rendered":"<p><img loading=\"lazy\" decoding=\"async\" class=\"alignnone size-full wp-image-445\" src=\"http:\/\/ieas-szeged.hu\/downtherabbithole\/wp-content\/uploads\/2017\/05\/bor\u00edt\u00f3-1.jpg\" alt=\"\" width=\"1032\" height=\"1405\" srcset=\"http:\/\/ieas-szeged.hu\/downtherabbithole\/wp-content\/uploads\/2017\/05\/bor\u00edt\u00f3-1.jpg 1032w, http:\/\/ieas-szeged.hu\/downtherabbithole\/wp-content\/uploads\/2017\/05\/bor\u00edt\u00f3-1-220x300.jpg 220w, http:\/\/ieas-szeged.hu\/downtherabbithole\/wp-content\/uploads\/2017\/05\/bor\u00edt\u00f3-1-768x1046.jpg 768w, http:\/\/ieas-szeged.hu\/downtherabbithole\/wp-content\/uploads\/2017\/05\/bor\u00edt\u00f3-1-752x1024.jpg 752w, http:\/\/ieas-szeged.hu\/downtherabbithole\/wp-content\/uploads\/2017\/05\/bor\u00edt\u00f3-1-900x1225.jpg 900w\" sizes=\"auto, (max-width: 1032px) 100vw, 1032px\" \/><img loading=\"lazy\" decoding=\"async\" class=\"alignnone size-full wp-image-446\" src=\"http:\/\/ieas-szeged.hu\/downtherabbithole\/wp-content\/uploads\/2017\/05\/bor\u00edt\u00f32.jpg\" alt=\"\" width=\"1011\" height=\"1424\" srcset=\"http:\/\/ieas-szeged.hu\/downtherabbithole\/wp-content\/uploads\/2017\/05\/bor\u00edt\u00f32.jpg 1011w, http:\/\/ieas-szeged.hu\/downtherabbithole\/wp-content\/uploads\/2017\/05\/bor\u00edt\u00f32-213x300.jpg 213w, http:\/\/ieas-szeged.hu\/downtherabbithole\/wp-content\/uploads\/2017\/05\/bor\u00edt\u00f32-768x1082.jpg 768w, http:\/\/ieas-szeged.hu\/downtherabbithole\/wp-content\/uploads\/2017\/05\/bor\u00edt\u00f32-727x1024.jpg 727w, http:\/\/ieas-szeged.hu\/downtherabbithole\/wp-content\/uploads\/2017\/05\/bor\u00edt\u00f32-900x1268.jpg 900w\" sizes=\"auto, (max-width: 1011px) 100vw, 1011px\" \/><\/p>\n<p><a href=\"http:\/\/ieas-szeged.hu\/downtherabbithole\/wp-content\/uploads\/2017\/05\/nagy-aliz.jpg\"><img loading=\"lazy\" decoding=\"async\" class=\"alignnone wp-image-500\" src=\"http:\/\/ieas-szeged.hu\/downtherabbithole\/wp-content\/uploads\/2017\/05\/nagy-aliz.jpg\" alt=\"\" width=\"502\" height=\"1427\" \/><\/a><\/p>\n<p><img loading=\"lazy\" decoding=\"async\" class=\"alignnone size-full wp-image-458\" src=\"http:\/\/ieas-szeged.hu\/downtherabbithole\/wp-content\/uploads\/2017\/05\/Feh\u00e9r-Ny\u00fal.jpg\" alt=\"\" width=\"566\" height=\"807\" srcset=\"http:\/\/ieas-szeged.hu\/downtherabbithole\/wp-content\/uploads\/2017\/05\/Feh\u00e9r-Ny\u00fal.jpg 566w, http:\/\/ieas-szeged.hu\/downtherabbithole\/wp-content\/uploads\/2017\/05\/Feh\u00e9r-Ny\u00fal-210x300.jpg 210w\" sizes=\"auto, (max-width: 566px) 100vw, 566px\" \/><\/p>\n<p><img loading=\"lazy\" decoding=\"async\" class=\"alignnone size-full wp-image-460\" src=\"http:\/\/ieas-szeged.hu\/downtherabbithole\/wp-content\/uploads\/2017\/05\/igy\u00e1l-meg.jpg\" alt=\"\" width=\"892\" height=\"804\" srcset=\"http:\/\/ieas-szeged.hu\/downtherabbithole\/wp-content\/uploads\/2017\/05\/igy\u00e1l-meg.jpg 892w, http:\/\/ieas-szeged.hu\/downtherabbithole\/wp-content\/uploads\/2017\/05\/igy\u00e1l-meg-300x270.jpg 300w, http:\/\/ieas-szeged.hu\/downtherabbithole\/wp-content\/uploads\/2017\/05\/igy\u00e1l-meg-768x692.jpg 768w\" sizes=\"auto, (max-width: 892px) 100vw, 892px\" \/><a href=\"http:\/\/ieas-szeged.hu\/downtherabbithole\/wp-content\/uploads\/2017\/05\/feh\u00e9r-ny\u00fal-legyez\u0151je.jpg\"><img loading=\"lazy\" decoding=\"async\" class=\"alignnone size-full wp-image-501\" src=\"http:\/\/ieas-szeged.hu\/downtherabbithole\/wp-content\/uploads\/2017\/05\/feh\u00e9r-ny\u00fal-legyez\u0151je.jpg\" alt=\"\" width=\"1089\" height=\"736\" srcset=\"http:\/\/ieas-szeged.hu\/downtherabbithole\/wp-content\/uploads\/2017\/05\/feh\u00e9r-ny\u00fal-legyez\u0151je.jpg 1089w, http:\/\/ieas-szeged.hu\/downtherabbithole\/wp-content\/uploads\/2017\/05\/feh\u00e9r-ny\u00fal-legyez\u0151je-300x203.jpg 300w, http:\/\/ieas-szeged.hu\/downtherabbithole\/wp-content\/uploads\/2017\/05\/feh\u00e9r-ny\u00fal-legyez\u0151je-768x519.jpg 768w, http:\/\/ieas-szeged.hu\/downtherabbithole\/wp-content\/uploads\/2017\/05\/feh\u00e9r-ny\u00fal-legyez\u0151je-1024x692.jpg 1024w, http:\/\/ieas-szeged.hu\/downtherabbithole\/wp-content\/uploads\/2017\/05\/feh\u00e9r-ny\u00fal-legyez\u0151je-900x608.jpg 900w\" sizes=\"auto, (max-width: 1089px) 100vw, 1089px\" \/><\/a><a href=\"http:\/\/ieas-szeged.hu\/downtherabbithole\/wp-content\/uploads\/2017\/05\/k\u00f6nnyt\u00f3.jpg\"><img loading=\"lazy\" decoding=\"async\" class=\"alignnone size-full wp-image-503\" src=\"http:\/\/ieas-szeged.hu\/downtherabbithole\/wp-content\/uploads\/2017\/05\/k\u00f6nnyt\u00f3.jpg\" alt=\"\" width=\"870\" height=\"596\" srcset=\"http:\/\/ieas-szeged.hu\/downtherabbithole\/wp-content\/uploads\/2017\/05\/k\u00f6nnyt\u00f3.jpg 870w, http:\/\/ieas-szeged.hu\/downtherabbithole\/wp-content\/uploads\/2017\/05\/k\u00f6nnyt\u00f3-300x206.jpg 300w, http:\/\/ieas-szeged.hu\/downtherabbithole\/wp-content\/uploads\/2017\/05\/k\u00f6nnyt\u00f3-768x526.jpg 768w\" sizes=\"auto, (max-width: 870px) 100vw, 870px\" \/><\/a><a href=\"http:\/\/ieas-szeged.hu\/downtherabbithole\/wp-content\/uploads\/2017\/05\/nagy-Alice.jpg\"><img loading=\"lazy\" decoding=\"async\" class=\"alignnone size-full wp-image-519\" src=\"http:\/\/ieas-szeged.hu\/downtherabbithole\/wp-content\/uploads\/2017\/05\/nagy-Alice.jpg\" alt=\"\" width=\"945\" height=\"663\" srcset=\"http:\/\/ieas-szeged.hu\/downtherabbithole\/wp-content\/uploads\/2017\/05\/nagy-Alice.jpg 945w, http:\/\/ieas-szeged.hu\/downtherabbithole\/wp-content\/uploads\/2017\/05\/nagy-Alice-300x210.jpg 300w, http:\/\/ieas-szeged.hu\/downtherabbithole\/wp-content\/uploads\/2017\/05\/nagy-Alice-768x539.jpg 768w, http:\/\/ieas-szeged.hu\/downtherabbithole\/wp-content\/uploads\/2017\/05\/nagy-Alice-900x631.jpg 900w\" sizes=\"auto, (max-width: 945px) 100vw, 945px\" \/><\/a><a href=\"http:\/\/ieas-szeged.hu\/downtherabbithole\/wp-content\/uploads\/2017\/05\/r\u00e1gcs\u00e1l\u00f3k.jpg\"><img loading=\"lazy\" decoding=\"async\" class=\"alignnone size-full wp-image-504\" src=\"http:\/\/ieas-szeged.hu\/downtherabbithole\/wp-content\/uploads\/2017\/05\/r\u00e1gcs\u00e1l\u00f3k.jpg\" alt=\"\" width=\"1690\" height=\"2425\" srcset=\"http:\/\/ieas-szeged.hu\/downtherabbithole\/wp-content\/uploads\/2017\/05\/r\u00e1gcs\u00e1l\u00f3k.jpg 1690w, http:\/\/ieas-szeged.hu\/downtherabbithole\/wp-content\/uploads\/2017\/05\/r\u00e1gcs\u00e1l\u00f3k-209x300.jpg 209w, http:\/\/ieas-szeged.hu\/downtherabbithole\/wp-content\/uploads\/2017\/05\/r\u00e1gcs\u00e1l\u00f3k-768x1102.jpg 768w, http:\/\/ieas-szeged.hu\/downtherabbithole\/wp-content\/uploads\/2017\/05\/r\u00e1gcs\u00e1l\u00f3k-714x1024.jpg 714w, http:\/\/ieas-szeged.hu\/downtherabbithole\/wp-content\/uploads\/2017\/05\/r\u00e1gcs\u00e1l\u00f3k-900x1291.jpg 900w, http:\/\/ieas-szeged.hu\/downtherabbithole\/wp-content\/uploads\/2017\/05\/r\u00e1gcs\u00e1l\u00f3k-1280x1837.jpg 1280w\" sizes=\"auto, (max-width: 1690px) 100vw, 1690px\" \/><\/a><img loading=\"lazy\" decoding=\"async\" class=\"alignnone size-full wp-image-435\" src=\"http:\/\/ieas-szeged.hu\/downtherabbithole\/wp-content\/uploads\/2017\/05\/Fakutya.jpg\" alt=\"\" width=\"1124\" height=\"717\" srcset=\"http:\/\/ieas-szeged.hu\/downtherabbithole\/wp-content\/uploads\/2017\/05\/Fakutya.jpg 1124w, http:\/\/ieas-szeged.hu\/downtherabbithole\/wp-content\/uploads\/2017\/05\/Fakutya-300x191.jpg 300w, http:\/\/ieas-szeged.hu\/downtherabbithole\/wp-content\/uploads\/2017\/05\/Fakutya-768x490.jpg 768w, http:\/\/ieas-szeged.hu\/downtherabbithole\/wp-content\/uploads\/2017\/05\/Fakutya-1024x653.jpg 1024w, http:\/\/ieas-szeged.hu\/downtherabbithole\/wp-content\/uploads\/2017\/05\/Fakutya-900x574.jpg 900w\" sizes=\"auto, (max-width: 1124px) 100vw, 1124px\" \/><\/p>\n<p><a href=\"http:\/\/ieas-szeged.hu\/downtherabbithole\/wp-content\/uploads\/2017\/05\/Herny\u00f3.jpg\"><img loading=\"lazy\" decoding=\"async\" class=\"alignnone size-full wp-image-505\" src=\"http:\/\/ieas-szeged.hu\/downtherabbithole\/wp-content\/uploads\/2017\/05\/Herny\u00f3.jpg\" alt=\"\" width=\"956\" height=\"842\" srcset=\"http:\/\/ieas-szeged.hu\/downtherabbithole\/wp-content\/uploads\/2017\/05\/Herny\u00f3.jpg 956w, http:\/\/ieas-szeged.hu\/downtherabbithole\/wp-content\/uploads\/2017\/05\/Herny\u00f3-300x264.jpg 300w, http:\/\/ieas-szeged.hu\/downtherabbithole\/wp-content\/uploads\/2017\/05\/Herny\u00f3-768x676.jpg 768w, http:\/\/ieas-szeged.hu\/downtherabbithole\/wp-content\/uploads\/2017\/05\/Herny\u00f3-900x793.jpg 900w\" sizes=\"auto, (max-width: 956px) 100vw, 956px\" \/><\/a><\/p>\n<p><a href=\"http:\/\/ieas-szeged.hu\/downtherabbithole\/wp-content\/uploads\/2017\/05\/megny\u00falt-Alice.jpg\"><img loading=\"lazy\" decoding=\"async\" class=\"alignnone size-full wp-image-506\" src=\"http:\/\/ieas-szeged.hu\/downtherabbithole\/wp-content\/uploads\/2017\/05\/megny\u00falt-Alice.jpg\" alt=\"\" width=\"885\" height=\"1322\" srcset=\"http:\/\/ieas-szeged.hu\/downtherabbithole\/wp-content\/uploads\/2017\/05\/megny\u00falt-Alice.jpg 885w, http:\/\/ieas-szeged.hu\/downtherabbithole\/wp-content\/uploads\/2017\/05\/megny\u00falt-Alice-201x300.jpg 201w, http:\/\/ieas-szeged.hu\/downtherabbithole\/wp-content\/uploads\/2017\/05\/megny\u00falt-Alice-768x1147.jpg 768w, http:\/\/ieas-szeged.hu\/downtherabbithole\/wp-content\/uploads\/2017\/05\/megny\u00falt-Alice-686x1024.jpg 686w\" sizes=\"auto, (max-width: 885px) 100vw, 885px\" \/><\/a><a href=\"http:\/\/ieas-szeged.hu\/downtherabbithole\/wp-content\/uploads\/2017\/05\/b\u00e9k\u00e9tlen\u00e9sg-bors-\u00e9s-baj.jpg\"><img loading=\"lazy\" decoding=\"async\" class=\"alignnone size-full wp-image-507\" src=\"http:\/\/ieas-szeged.hu\/downtherabbithole\/wp-content\/uploads\/2017\/05\/b\u00e9k\u00e9tlen\u00e9sg-bors-\u00e9s-baj.jpg\" alt=\"\" width=\"938\" height=\"1342\" srcset=\"http:\/\/ieas-szeged.hu\/downtherabbithole\/wp-content\/uploads\/2017\/05\/b\u00e9k\u00e9tlen\u00e9sg-bors-\u00e9s-baj.jpg 938w, http:\/\/ieas-szeged.hu\/downtherabbithole\/wp-content\/uploads\/2017\/05\/b\u00e9k\u00e9tlen\u00e9sg-bors-\u00e9s-baj-210x300.jpg 210w, http:\/\/ieas-szeged.hu\/downtherabbithole\/wp-content\/uploads\/2017\/05\/b\u00e9k\u00e9tlen\u00e9sg-bors-\u00e9s-baj-768x1099.jpg 768w, http:\/\/ieas-szeged.hu\/downtherabbithole\/wp-content\/uploads\/2017\/05\/b\u00e9k\u00e9tlen\u00e9sg-bors-\u00e9s-baj-716x1024.jpg 716w, http:\/\/ieas-szeged.hu\/downtherabbithole\/wp-content\/uploads\/2017\/05\/b\u00e9k\u00e9tlen\u00e9sg-bors-\u00e9s-baj-900x1288.jpg 900w\" sizes=\"auto, (max-width: 938px) 100vw, 938px\" \/><\/a><a href=\"http:\/\/ieas-szeged.hu\/downtherabbithole\/wp-content\/uploads\/2017\/05\/bors-\u00e9s-baba.jpg\"><img loading=\"lazy\" decoding=\"async\" class=\"alignnone size-full wp-image-508\" src=\"http:\/\/ieas-szeged.hu\/downtherabbithole\/wp-content\/uploads\/2017\/05\/bors-\u00e9s-baba.jpg\" alt=\"\" width=\"892\" height=\"688\" srcset=\"http:\/\/ieas-szeged.hu\/downtherabbithole\/wp-content\/uploads\/2017\/05\/bors-\u00e9s-baba.jpg 892w, http:\/\/ieas-szeged.hu\/downtherabbithole\/wp-content\/uploads\/2017\/05\/bors-\u00e9s-baba-300x231.jpg 300w, http:\/\/ieas-szeged.hu\/downtherabbithole\/wp-content\/uploads\/2017\/05\/bors-\u00e9s-baba-768x592.jpg 768w\" sizes=\"auto, (max-width: 892px) 100vw, 892px\" \/><\/a><a href=\"http:\/\/ieas-szeged.hu\/downtherabbithole\/wp-content\/uploads\/2017\/05\/Fakutya-vigyora.jpg\"><img loading=\"lazy\" decoding=\"async\" class=\"alignnone size-full wp-image-509\" src=\"http:\/\/ieas-szeged.hu\/downtherabbithole\/wp-content\/uploads\/2017\/05\/Fakutya-vigyora.jpg\" alt=\"\" width=\"942\" height=\"605\" srcset=\"http:\/\/ieas-szeged.hu\/downtherabbithole\/wp-content\/uploads\/2017\/05\/Fakutya-vigyora.jpg 942w, http:\/\/ieas-szeged.hu\/downtherabbithole\/wp-content\/uploads\/2017\/05\/Fakutya-vigyora-300x193.jpg 300w, http:\/\/ieas-szeged.hu\/downtherabbithole\/wp-content\/uploads\/2017\/05\/Fakutya-vigyora-768x493.jpg 768w, http:\/\/ieas-szeged.hu\/downtherabbithole\/wp-content\/uploads\/2017\/05\/Fakutya-vigyora-900x578.jpg 900w\" sizes=\"auto, (max-width: 942px) 100vw, 942px\" \/><\/a><a href=\"http:\/\/ieas-szeged.hu\/downtherabbithole\/wp-content\/uploads\/2017\/05\/tead\u00e9lut\u00e1n.jpg\"><img loading=\"lazy\" decoding=\"async\" class=\"alignnone size-full wp-image-510\" src=\"http:\/\/ieas-szeged.hu\/downtherabbithole\/wp-content\/uploads\/2017\/05\/tead\u00e9lut\u00e1n.jpg\" alt=\"\" width=\"933\" height=\"1116\" srcset=\"http:\/\/ieas-szeged.hu\/downtherabbithole\/wp-content\/uploads\/2017\/05\/tead\u00e9lut\u00e1n.jpg 933w, http:\/\/ieas-szeged.hu\/downtherabbithole\/wp-content\/uploads\/2017\/05\/tead\u00e9lut\u00e1n-251x300.jpg 251w, http:\/\/ieas-szeged.hu\/downtherabbithole\/wp-content\/uploads\/2017\/05\/tead\u00e9lut\u00e1n-768x919.jpg 768w, http:\/\/ieas-szeged.hu\/downtherabbithole\/wp-content\/uploads\/2017\/05\/tead\u00e9lut\u00e1n-856x1024.jpg 856w, http:\/\/ieas-szeged.hu\/downtherabbithole\/wp-content\/uploads\/2017\/05\/tead\u00e9lut\u00e1n-900x1077.jpg 900w\" sizes=\"auto, (max-width: 933px) 100vw, 933px\" \/><\/a><a href=\"http:\/\/ieas-szeged.hu\/downtherabbithole\/wp-content\/uploads\/2017\/05\/tead\u00e9lut\u00e1n2.jpg\"><img loading=\"lazy\" decoding=\"async\" class=\"alignnone size-full wp-image-511\" src=\"http:\/\/ieas-szeged.hu\/downtherabbithole\/wp-content\/uploads\/2017\/05\/tead\u00e9lut\u00e1n2.jpg\" alt=\"\" width=\"887\" height=\"514\" srcset=\"http:\/\/ieas-szeged.hu\/downtherabbithole\/wp-content\/uploads\/2017\/05\/tead\u00e9lut\u00e1n2.jpg 887w, http:\/\/ieas-szeged.hu\/downtherabbithole\/wp-content\/uploads\/2017\/05\/tead\u00e9lut\u00e1n2-300x174.jpg 300w, http:\/\/ieas-szeged.hu\/downtherabbithole\/wp-content\/uploads\/2017\/05\/tead\u00e9lut\u00e1n2-768x445.jpg 768w\" sizes=\"auto, (max-width: 887px) 100vw, 887px\" \/><\/a><a href=\"http:\/\/ieas-szeged.hu\/downtherabbithole\/wp-content\/uploads\/2017\/05\/krokettp\u00e1lya.jpg\"><img loading=\"lazy\" decoding=\"async\" class=\"alignnone size-full wp-image-512\" src=\"http:\/\/ieas-szeged.hu\/downtherabbithole\/wp-content\/uploads\/2017\/05\/krokettp\u00e1lya.jpg\" alt=\"\" width=\"952\" height=\"1156\" srcset=\"http:\/\/ieas-szeged.hu\/downtherabbithole\/wp-content\/uploads\/2017\/05\/krokettp\u00e1lya.jpg 952w, http:\/\/ieas-szeged.hu\/downtherabbithole\/wp-content\/uploads\/2017\/05\/krokettp\u00e1lya-247x300.jpg 247w, http:\/\/ieas-szeged.hu\/downtherabbithole\/wp-content\/uploads\/2017\/05\/krokettp\u00e1lya-768x933.jpg 768w, http:\/\/ieas-szeged.hu\/downtherabbithole\/wp-content\/uploads\/2017\/05\/krokettp\u00e1lya-843x1024.jpg 843w, http:\/\/ieas-szeged.hu\/downtherabbithole\/wp-content\/uploads\/2017\/05\/krokettp\u00e1lya-900x1093.jpg 900w\" sizes=\"auto, (max-width: 952px) 100vw, 952px\" \/><\/a><a href=\"http:\/\/ieas-szeged.hu\/downtherabbithole\/wp-content\/uploads\/2017\/05\/per.jpg\"><img loading=\"lazy\" decoding=\"async\" class=\"alignnone size-full wp-image-513\" src=\"http:\/\/ieas-szeged.hu\/downtherabbithole\/wp-content\/uploads\/2017\/05\/per.jpg\" alt=\"\" width=\"1752\" height=\"1240\" srcset=\"http:\/\/ieas-szeged.hu\/downtherabbithole\/wp-content\/uploads\/2017\/05\/per.jpg 1752w, http:\/\/ieas-szeged.hu\/downtherabbithole\/wp-content\/uploads\/2017\/05\/per-300x212.jpg 300w, http:\/\/ieas-szeged.hu\/downtherabbithole\/wp-content\/uploads\/2017\/05\/per-768x544.jpg 768w, http:\/\/ieas-szeged.hu\/downtherabbithole\/wp-content\/uploads\/2017\/05\/per-1024x725.jpg 1024w, http:\/\/ieas-szeged.hu\/downtherabbithole\/wp-content\/uploads\/2017\/05\/per-900x637.jpg 900w, http:\/\/ieas-szeged.hu\/downtherabbithole\/wp-content\/uploads\/2017\/05\/per-1280x906.jpg 1280w\" sizes=\"auto, (max-width: 1752px) 100vw, 1752px\" \/><\/a><\/p>\n<p><img loading=\"lazy\" decoding=\"async\" class=\"alignnone size-full wp-image-461\" src=\"http:\/\/ieas-szeged.hu\/downtherabbithole\/wp-content\/uploads\/2017\/05\/krokett.jpg\" alt=\"\" width=\"937\" height=\"752\" srcset=\"http:\/\/ieas-szeged.hu\/downtherabbithole\/wp-content\/uploads\/2017\/05\/krokett.jpg 937w, http:\/\/ieas-szeged.hu\/downtherabbithole\/wp-content\/uploads\/2017\/05\/krokett-300x241.jpg 300w, http:\/\/ieas-szeged.hu\/downtherabbithole\/wp-content\/uploads\/2017\/05\/krokett-768x616.jpg 768w, http:\/\/ieas-szeged.hu\/downtherabbithole\/wp-content\/uploads\/2017\/05\/krokett-900x722.jpg 900w\" sizes=\"auto, (max-width: 937px) 100vw, 937px\" \/><a href=\"http:\/\/ieas-szeged.hu\/downtherabbithole\/wp-content\/uploads\/2017\/05\/Bak\u00f3-\u00e9s-Fakutya.jpg\"><img loading=\"lazy\" decoding=\"async\" class=\"alignnone size-full wp-image-514\" src=\"http:\/\/ieas-szeged.hu\/downtherabbithole\/wp-content\/uploads\/2017\/05\/Bak\u00f3-\u00e9s-Fakutya.jpg\" alt=\"\" width=\"913\" height=\"845\" srcset=\"http:\/\/ieas-szeged.hu\/downtherabbithole\/wp-content\/uploads\/2017\/05\/Bak\u00f3-\u00e9s-Fakutya.jpg 913w, http:\/\/ieas-szeged.hu\/downtherabbithole\/wp-content\/uploads\/2017\/05\/Bak\u00f3-\u00e9s-Fakutya-300x278.jpg 300w, http:\/\/ieas-szeged.hu\/downtherabbithole\/wp-content\/uploads\/2017\/05\/Bak\u00f3-\u00e9s-Fakutya-768x711.jpg 768w, http:\/\/ieas-szeged.hu\/downtherabbithole\/wp-content\/uploads\/2017\/05\/Bak\u00f3-\u00e9s-Fakutya-900x833.jpg 900w\" sizes=\"auto, (max-width: 913px) 100vw, 913px\" \/><\/a><a href=\"http:\/\/ieas-szeged.hu\/downtherabbithole\/wp-content\/uploads\/2017\/05\/Griff-\u00e9s-\u00c1lTekn\u0151c.jpg\"><img loading=\"lazy\" decoding=\"async\" class=\"alignnone size-full wp-image-515\" src=\"http:\/\/ieas-szeged.hu\/downtherabbithole\/wp-content\/uploads\/2017\/05\/Griff-\u00e9s-\u00c1lTekn\u0151c.jpg\" alt=\"\" width=\"937\" height=\"936\" srcset=\"http:\/\/ieas-szeged.hu\/downtherabbithole\/wp-content\/uploads\/2017\/05\/Griff-\u00e9s-\u00c1lTekn\u0151c.jpg 937w, http:\/\/ieas-szeged.hu\/downtherabbithole\/wp-content\/uploads\/2017\/05\/Griff-\u00e9s-\u00c1lTekn\u0151c-150x150.jpg 150w, http:\/\/ieas-szeged.hu\/downtherabbithole\/wp-content\/uploads\/2017\/05\/Griff-\u00e9s-\u00c1lTekn\u0151c-300x300.jpg 300w, http:\/\/ieas-szeged.hu\/downtherabbithole\/wp-content\/uploads\/2017\/05\/Griff-\u00e9s-\u00c1lTekn\u0151c-768x767.jpg 768w, http:\/\/ieas-szeged.hu\/downtherabbithole\/wp-content\/uploads\/2017\/05\/Griff-\u00e9s-\u00c1lTekn\u0151c-88x88.jpg 88w, http:\/\/ieas-szeged.hu\/downtherabbithole\/wp-content\/uploads\/2017\/05\/Griff-\u00e9s-\u00c1lTekn\u0151c-900x899.jpg 900w\" sizes=\"auto, (max-width: 937px) 100vw, 937px\" \/><\/a><a href=\"http:\/\/ieas-szeged.hu\/downtherabbithole\/wp-content\/uploads\/2017\/05\/t\u00e1nc.jpg\"><img loading=\"lazy\" decoding=\"async\" class=\"alignnone size-full wp-image-516\" src=\"http:\/\/ieas-szeged.hu\/downtherabbithole\/wp-content\/uploads\/2017\/05\/t\u00e1nc.jpg\" alt=\"\" width=\"927\" height=\"912\" srcset=\"http:\/\/ieas-szeged.hu\/downtherabbithole\/wp-content\/uploads\/2017\/05\/t\u00e1nc.jpg 927w, http:\/\/ieas-szeged.hu\/downtherabbithole\/wp-content\/uploads\/2017\/05\/t\u00e1nc-300x295.jpg 300w, http:\/\/ieas-szeged.hu\/downtherabbithole\/wp-content\/uploads\/2017\/05\/t\u00e1nc-768x756.jpg 768w, http:\/\/ieas-szeged.hu\/downtherabbithole\/wp-content\/uploads\/2017\/05\/t\u00e1nc-88x88.jpg 88w, http:\/\/ieas-szeged.hu\/downtherabbithole\/wp-content\/uploads\/2017\/05\/t\u00e1nc-900x885.jpg 900w\" sizes=\"auto, (max-width: 927px) 100vw, 927px\" \/><\/a><img loading=\"lazy\" decoding=\"async\" class=\"alignnone size-full wp-image-463\" src=\"http:\/\/ieas-szeged.hu\/downtherabbithole\/wp-content\/uploads\/2017\/05\/ki-lopta-el-a-lep\u00e9nyt.jpg\" alt=\"\" width=\"1232\" height=\"1353\" srcset=\"http:\/\/ieas-szeged.hu\/downtherabbithole\/wp-content\/uploads\/2017\/05\/ki-lopta-el-a-lep\u00e9nyt.jpg 1232w, http:\/\/ieas-szeged.hu\/downtherabbithole\/wp-content\/uploads\/2017\/05\/ki-lopta-el-a-lep\u00e9nyt-273x300.jpg 273w, http:\/\/ieas-szeged.hu\/downtherabbithole\/wp-content\/uploads\/2017\/05\/ki-lopta-el-a-lep\u00e9nyt-768x843.jpg 768w, http:\/\/ieas-szeged.hu\/downtherabbithole\/wp-content\/uploads\/2017\/05\/ki-lopta-el-a-lep\u00e9nyt-932x1024.jpg 932w, http:\/\/ieas-szeged.hu\/downtherabbithole\/wp-content\/uploads\/2017\/05\/ki-lopta-el-a-lep\u00e9nyt-900x988.jpg 900w\" sizes=\"auto, (max-width: 1232px) 100vw, 1232px\" \/><img loading=\"lazy\" decoding=\"async\" class=\"alignnone size-full wp-image-464\" src=\"http:\/\/ieas-szeged.hu\/downtherabbithole\/wp-content\/uploads\/2017\/05\/lep\u00e9nylop\u00e1s2.jpg\" alt=\"\" width=\"1200\" height=\"575\" srcset=\"http:\/\/ieas-szeged.hu\/downtherabbithole\/wp-content\/uploads\/2017\/05\/lep\u00e9nylop\u00e1s2.jpg 1200w, http:\/\/ieas-szeged.hu\/downtherabbithole\/wp-content\/uploads\/2017\/05\/lep\u00e9nylop\u00e1s2-300x144.jpg 300w, http:\/\/ieas-szeged.hu\/downtherabbithole\/wp-content\/uploads\/2017\/05\/lep\u00e9nylop\u00e1s2-768x368.jpg 768w, http:\/\/ieas-szeged.hu\/downtherabbithole\/wp-content\/uploads\/2017\/05\/lep\u00e9nylop\u00e1s2-1024x491.jpg 1024w, http:\/\/ieas-szeged.hu\/downtherabbithole\/wp-content\/uploads\/2017\/05\/lep\u00e9nylop\u00e1s2-900x431.jpg 900w\" sizes=\"auto, (max-width: 1200px) 100vw, 1200px\" \/><a href=\"http:\/\/ieas-szeged.hu\/downtherabbithole\/wp-content\/uploads\/2017\/05\/b\u00edr\u00e1k.jpg\"><img loading=\"lazy\" decoding=\"async\" class=\"alignnone size-full wp-image-517\" src=\"http:\/\/ieas-szeged.hu\/downtherabbithole\/wp-content\/uploads\/2017\/05\/b\u00edr\u00e1k.jpg\" alt=\"\" width=\"890\" height=\"667\" srcset=\"http:\/\/ieas-szeged.hu\/downtherabbithole\/wp-content\/uploads\/2017\/05\/b\u00edr\u00e1k.jpg 890w, http:\/\/ieas-szeged.hu\/downtherabbithole\/wp-content\/uploads\/2017\/05\/b\u00edr\u00e1k-300x225.jpg 300w, http:\/\/ieas-szeged.hu\/downtherabbithole\/wp-content\/uploads\/2017\/05\/b\u00edr\u00e1k-768x576.jpg 768w\" sizes=\"auto, (max-width: 890px) 100vw, 890px\" \/><\/a><\/p>\n","protected":false},"excerpt":{"rendered":"","protected":false},"author":3,"featured_media":0,"parent":83,"menu_order":0,"comment_status":"closed","ping_status":"closed","template":"","meta":{"footnotes":""},"class_list":["post-433","page","type-page","status-publish","hentry"],"_links":{"self":[{"href":"http:\/\/ieas-szeged.hu\/downtherabbithole\/wp-json\/wp\/v2\/pages\/433","targetHints":{"allow":["GET"]}}],"collection":[{"href":"http:\/\/ieas-szeged.hu\/downtherabbithole\/wp-json\/wp\/v2\/pages"}],"about":[{"href":"http:\/\/ieas-szeged.hu\/downtherabbithole\/wp-json\/wp\/v2\/types\/page"}],"author":[{"embeddable":true,"href":"http:\/\/ieas-szeged.hu\/downtherabbithole\/wp-json\/wp\/v2\/users\/3"}],"replies":[{"embeddable":true,"href":"http:\/\/ieas-szeged.hu\/downtherabbithole\/wp-json\/wp\/v2\/comments?post=433"}],"version-history":[{"count":13,"href":"http:\/\/ieas-szeged.hu\/downtherabbithole\/wp-json\/wp\/v2\/pages\/433\/revisions"}],"predecessor-version":[{"id":616,"href":"http:\/\/ieas-szeged.hu\/downtherabbithole\/wp-json\/wp\/v2\/pages\/433\/revisions\/616"}],"up":[{"embeddable":true,"href":"http:\/\/ieas-szeged.hu\/downtherabbithole\/wp-json\/wp\/v2\/pages\/83"}],"wp:attachment":[{"href":"http:\/\/ieas-szeged.hu\/downtherabbithole\/wp-json\/wp\/v2\/media?parent=433"}],"curies":[{"name":"wp","href":"https:\/\/api.w.org\/{rel}","templated":true}]}}