{"id":273,"date":"2017-05-26T07:21:11","date_gmt":"2017-05-26T07:21:11","guid":{"rendered":"http:\/\/ieas-szeged.hu\/downtherabbithole\/?page_id=273"},"modified":"2021-01-25T17:40:19","modified_gmt":"2021-01-25T17:40:19","slug":"temakiirasok","status":"publish","type":"page","link":"http:\/\/ieas-szeged.hu\/downtherabbithole\/rolam\/oktatas\/temakiirasok\/","title":{"rendered":"T\u00e9maki\u00edr\u00e1sok"},"content":{"rendered":"<h4>BA Thesis Topics<\/h4>\n<p>Body Studies<\/p>\n<p>Gender and literature, (feminist) literary theory<\/p>\n<p>Victorian, 20th century and contemporary British and American novel\u00a0 (esp. women&#8217;s writing)<\/p>\n<p>The Literary Fantastic (Magical Realism, Fairy Tales, Nonsense Fantasies)<\/p>\n<p>Children&#8217;s and YA literature<\/p>\n<p>Contemporary arts (practice and theory)<\/p>\n<h4>MA T\u00e9mavezet\u00e9sek a k\u00f6vetkez\u0151 k\u00e9pz\u00e9si programokban (SZTE, IEAS)<\/h4>\n<p>Gender in Literatures and Cultures in English (GS)<\/p>\n<p>Interdisciplinary Studies of Culture<\/p>\n<h4>Doktori t\u00e9maki\u00edr\u00e1sok (SZTE, Irodalomtudom\u00e1nyi Doktori Iskola, Irodalom- \u00e9s kult\u00faratudom\u00e1nyok)<\/h4>\n<div style=\"text-align: left;\" align=\"center\"><b>A (n\u0151)irodalom, a t\u00e1rsadalmi nem- \u00e9s a testtudom\u00e1nyok metsz\u00e9spontjai<\/b><\/div>\n<p>A kutat\u00e1si t\u00e9ma le\u00edr\u00e1sa: Posztstrukturalista \u00e9s feminista irodalomelm\u00e9let, a megtestes\u00fclt szubjektum szemiotik\u00e1ja (corpusemiotics), korpore\u00e1lis narratol\u00f3gia, korporeagrafikus metafikci\u00f3, affekt\u00edv narratol\u00f3gia, test \u00e9s szerz\u0151s\u00e9g. Kultur\u00e1lis reprezent\u00e1ci\u00f3k vizsg\u00e1lata a t\u00e1rsadalmi nemtudom\u00e1ny, a testtudom\u00e1ny, \u00e9s a fogyat\u00e9koss\u00e1gtudom\u00e1ny eszk\u00f6zt\u00e1rainak seg\u00edts\u00e9g\u00e9vel. Anat\u00f3miai alterit\u00e1s \u00e9s identit\u00e1spolitika. Groteszk test\/sz\u00f6veg.<\/p>\n<p><b>Fantasztikus irodalom<\/b><br \/>\nA kutat\u00e1si t\u00e9ma le\u00edr\u00e1sa:<br \/>\nA Viktori\u00e1nus \u00e9s a posztmodern fantasztikum k\u00f6zti p\u00e1rhuzamok vizsg\u00e1lata. Intermedi\u00e1lis kultur\u00e1lis reprezent\u00e1ci\u00f3k \u00e9s k\u00e9pzelet a 19-21. sz\u00e1zadban A m\u00e1gikus realizmus, a nonszensz mesefant\u00e1zia, a gyermek- \u00e9s ifj\u00fas\u00e1gi (YA) irodalom m\u0171fajai. Mesekutat\u00e1s \u00e9s meseter\u00e1pia. A fant\u00e1zia \u00e9s a fantasztikum metafikcion\u00e1lis \u00e9s inter\/meta-medi\u00e1lis aspektusai. A monstruozit\u00e1s fikcion\u00e1lis reprezent\u00e1ci\u00f3i \u00e9s kult\u00fart\u00f6rt\u00e9nete (freak shows).<\/p>\n<p><strong>Gyerekirodalom<\/strong><\/p>\n","protected":false},"excerpt":{"rendered":"<p>BA Thesis Topics Body Studies Gender and literature, (feminist) literary theory Victorian, 20th century and contemporary British and American novel\u00a0 (esp. women&#8217;s writing) The Literary Fantastic (Magical Realism, Fairy Tales, Nonsense Fantasies) Children&#8217;s and YA literature Contemporary arts (practice and theory) MA T\u00e9mavezet\u00e9sek a k\u00f6vetkez\u0151 k\u00e9pz\u00e9si programokban (SZTE, IEAS) Gender in Literatures and Cultures in [&hellip;]<\/p>\n","protected":false},"author":3,"featured_media":0,"parent":202,"menu_order":0,"comment_status":"closed","ping_status":"closed","template":"","meta":{"footnotes":""},"class_list":["post-273","page","type-page","status-publish","hentry"],"_links":{"self":[{"href":"http:\/\/ieas-szeged.hu\/downtherabbithole\/wp-json\/wp\/v2\/pages\/273","targetHints":{"allow":["GET"]}}],"collection":[{"href":"http:\/\/ieas-szeged.hu\/downtherabbithole\/wp-json\/wp\/v2\/pages"}],"about":[{"href":"http:\/\/ieas-szeged.hu\/downtherabbithole\/wp-json\/wp\/v2\/types\/page"}],"author":[{"embeddable":true,"href":"http:\/\/ieas-szeged.hu\/downtherabbithole\/wp-json\/wp\/v2\/users\/3"}],"replies":[{"embeddable":true,"href":"http:\/\/ieas-szeged.hu\/downtherabbithole\/wp-json\/wp\/v2\/comments?post=273"}],"version-history":[{"count":10,"href":"http:\/\/ieas-szeged.hu\/downtherabbithole\/wp-json\/wp\/v2\/pages\/273\/revisions"}],"predecessor-version":[{"id":1726,"href":"http:\/\/ieas-szeged.hu\/downtherabbithole\/wp-json\/wp\/v2\/pages\/273\/revisions\/1726"}],"up":[{"embeddable":true,"href":"http:\/\/ieas-szeged.hu\/downtherabbithole\/wp-json\/wp\/v2\/pages\/202"}],"wp:attachment":[{"href":"http:\/\/ieas-szeged.hu\/downtherabbithole\/wp-json\/wp\/v2\/media?parent=273"}],"curies":[{"name":"wp","href":"https:\/\/api.w.org\/{rel}","templated":true}]}}