{"id":207,"date":"2017-05-24T19:58:37","date_gmt":"2017-05-24T19:58:37","guid":{"rendered":"http:\/\/ieas-szeged.hu\/downtherabbithole\/?page_id=207"},"modified":"2020-02-18T16:53:52","modified_gmt":"2020-02-18T16:53:52","slug":"szeminariumaim","status":"publish","type":"page","link":"http:\/\/ieas-szeged.hu\/downtherabbithole\/rolam\/oktatas\/szeminariumaim\/","title":{"rendered":"Szemin\u00e1riumaim"},"content":{"rendered":"<h5><strong>2003 \u00f3ta az SZTE BTK Angol tansz\u00e9k\u00e9n vezetett szemin\u00e1riumok <\/strong><\/h5>\n<p><a href=\"http:\/\/ieas-szeged.hu\/downtherabbithole\/wp-admin\/post.php?post=1179&amp;action=edit\"><em>Challenging the Heterosexual Confines of Representation<\/em><\/a><\/p>\n<p><em><a href=\"http:\/\/ieas-szeged.hu\/downtherabbithole\/rolam\/oktatas\/szeminariumaim\/heffalumps-twinkling-bats-mome-raths-reading-and-translating-nonsense-literature\/\">Heffalumps, Twinkling Bats, Mome Raths. Reading and Translating Nonsense Literature<\/a> <\/em><\/p>\n<p><a href=\"http:\/\/ieas-szeged.hu\/downtherabbithole\/rolam\/oktatas\/szeminariumaim\/who-is-afraid-of-the-big-bad-wolf-fairy-tales-for-adults\/\"><em>Who is Afraid of the Big Bad Wolf? Fairy Tales for Adults<\/em><\/a><\/p>\n<p><em>Down the Rabbit Hole. Nonsense Fantasy Variations on Alice in Wonderland<\/em><\/p>\n<p><em>(Re)Inventing Wonderland. Children\u2019s Literature in English <\/em><\/p>\n<p><em>Forbidden Journeys. Victorian Fantasies and Fairy Tales<\/em><\/p>\n<p><em>Examining Grotesque Embodiments. Risk, Excess, Alterity<\/em><\/p>\n<p><em>Magical Realism in Literature, Film and Art<\/em><\/p>\n<p><em>Demons of the Mind. Reading Gothic Fiction<\/em><\/p>\n<p><em>Angelic Ladies, Fallen Women, and Freaks: Gendered Anxieties in Victorian Literature<\/em><\/p>\n<p><em>Erring and Desiring. Vulnerable Bodies, Risked Selves in Contemporary Literature and Film<\/em><\/p>\n<p><em>Before and After Pornography. Literary Erotica in English from the 17<sup>th<\/sup> to the 21<sup>st <\/sup>Century<\/em><\/p>\n<p><em>The Art of Seduction <\/em><\/p>\n<p><em>Theories of the Fantastic<\/em><\/p>\n<p><em>Lost and Found. Adolescent Figures in Contemporary Literature, Film and Art<\/em><\/p>\n<p><em>Girl Meets Boy. (Trans)Sexuality in Contemporary Literature, Film and Arts <\/em><\/p>\n<p><em>Woman\u2019s Body Works<\/em><strong><em> (<\/em><\/strong><em>Writing on\/from the Body)<\/em><\/p>\n<p><em>Women with Wings. Transgressive Bodies and Othered Voices in Contemporary Women\u2019s Writing<\/em><\/p>\n<p><em>Narrative Fiction<\/em><\/p>\n<p><em>Critical and Cultural Theories. Advanced Literary Analysis<\/em><\/p>\n<p><em>Introduction to Literature<\/em><\/p>\n<p><em>Introduction to Drama Studies<\/em><\/p>\n","protected":false},"excerpt":{"rendered":"<p>2003 \u00f3ta az SZTE BTK Angol tansz\u00e9k\u00e9n vezetett szemin\u00e1riumok Challenging the Heterosexual Confines of Representation Heffalumps, Twinkling Bats, Mome Raths. Reading and Translating Nonsense Literature Who is Afraid of the Big Bad Wolf? Fairy Tales for Adults Down the Rabbit Hole. Nonsense Fantasy Variations on Alice in Wonderland (Re)Inventing Wonderland. Children\u2019s Literature in English Forbidden [&hellip;]<\/p>\n","protected":false},"author":3,"featured_media":0,"parent":202,"menu_order":0,"comment_status":"closed","ping_status":"closed","template":"","meta":{"footnotes":""},"class_list":["post-207","page","type-page","status-publish","hentry"],"_links":{"self":[{"href":"http:\/\/ieas-szeged.hu\/downtherabbithole\/wp-json\/wp\/v2\/pages\/207","targetHints":{"allow":["GET"]}}],"collection":[{"href":"http:\/\/ieas-szeged.hu\/downtherabbithole\/wp-json\/wp\/v2\/pages"}],"about":[{"href":"http:\/\/ieas-szeged.hu\/downtherabbithole\/wp-json\/wp\/v2\/types\/page"}],"author":[{"embeddable":true,"href":"http:\/\/ieas-szeged.hu\/downtherabbithole\/wp-json\/wp\/v2\/users\/3"}],"replies":[{"embeddable":true,"href":"http:\/\/ieas-szeged.hu\/downtherabbithole\/wp-json\/wp\/v2\/comments?post=207"}],"version-history":[{"count":5,"href":"http:\/\/ieas-szeged.hu\/downtherabbithole\/wp-json\/wp\/v2\/pages\/207\/revisions"}],"predecessor-version":[{"id":1648,"href":"http:\/\/ieas-szeged.hu\/downtherabbithole\/wp-json\/wp\/v2\/pages\/207\/revisions\/1648"}],"up":[{"embeddable":true,"href":"http:\/\/ieas-szeged.hu\/downtherabbithole\/wp-json\/wp\/v2\/pages\/202"}],"wp:attachment":[{"href":"http:\/\/ieas-szeged.hu\/downtherabbithole\/wp-json\/wp\/v2\/media?parent=207"}],"curies":[{"name":"wp","href":"https:\/\/api.w.org\/{rel}","templated":true}]}}