{"id":177,"date":"2017-05-19T06:59:35","date_gmt":"2017-05-19T06:59:35","guid":{"rendered":"http:\/\/ieas-szeged.hu\/downtherabbithole\/?page_id=177"},"modified":"2021-01-25T17:53:24","modified_gmt":"2021-01-25T17:53:24","slug":"csoportos","status":"publish","type":"page","link":"http:\/\/ieas-szeged.hu\/downtherabbithole\/rolam\/tudomanyos\/tudomanyos-palyazatok-osztondijak\/csoportos\/","title":{"rendered":"Csoportos"},"content":{"rendered":"<h5><strong>Csoportos P\u00e1ly\u00e1zatok<\/strong><\/h5>\n<p>2020-2022 EU Erasmus+ Strategic Partnership. SFBB: Short Forms Beyond Borders. Short Forms as a Tool of Cultural, Educational, Social Mediation in Europe (Angers, France; Athens, Greece; Szeged, Hungary; Santiago de Compostela, Spain; Giessen, Germany; Leuven, Belgium)<\/p>\n<p>2018-2021 Spanish Ministry of Economy and Competitiveness. Research Project \u201cBodies in Transit 2\u201d, ref. FFI2017-84555-C2-1-P Project Cluster: Embodiments, Project Leader: Prof Dr Pilar Cuder Dominguez<\/p>\n<p>2017-2020. EFOP -3.4.3-16-2016-00014.\u00a0 \u201eA Szegedi Tudom\u00e1nyegyetem oktat\u00e1si \u00e9s szolg\u00e1ltat\u00e1si teljes\u00edtm\u00e9ny\u00e9nek innovat\u00edv fejleszt\u00e9se a munkaer\u0151piaci \u00e9s a nemzetk\u00f6zi verseny kih\u00edv\u00e1saira val\u00f3 felk\u00e9sz\u00fcl\u00e9s jegy\u00e9ben\u201d c\u00edm\u0171 p\u00e1ly\u00e1zat AP6_BTK-2 alt\u00e9m\u00e1ja. Digit\u00e1lis tananyag fejleszt\u00e9s a <em>Romanticism and Victorianism in English Literature<\/em> c\u00edm\u0171 BA Literature Survey kurzushoz.<\/p>\n<p>2015. T\u00c1MOP <em>Az olvas\u00e1s \u00e9rt\u00e9ke a digit\u00e1lis m\u00e9dia kor\u00e1ban <\/em>T\u00c1MOP-p\u00e1ly\u00e1zat 4.2.1.B.-09\/1\/KONV University of Vienna, Lule\u00e5 Tekniska Universitat, University of Novisad, Szegedi Tudom\u00e1nyegyetem T\u00e1rsadalmi Nemek Tudom\u00e1nya Kutat\u00f3csoport egy\u00fcttm\u0171k\u00f6d\u00e9se. H\u00e1l\u00f3zat\u00e9p\u00edt\u00e9s, nemzetk\u00f6zi tapasztalatcsere<\/p>\n<p>2014. EU Erasmus Intensive Lifelong Learning Programme. <em><a href=\"http:\/\/gender.ieas-szeged.hu\/venice_erasmus_2014.html\">Translating, Training, and Touring in Venice<\/a>. <\/em>Mil\u00e1n\u00f3i, Warwicki, Velencei, Szegedi Egyetem egy\u00fcttm\u0171k\u00f6d\u00e9s. Ny\u00e1ri Intenz\u00edv K\u00e9pz\u00e9sben oktat\u00e1s. <em>Translation as a means of Cross-Cultural Encounters and Language Philosophical Investigations<\/em> modul<\/p>\n<p>2013. EU Erasmus Intensive Lifelong Learning Programme. <em><a href=\"http:\/\/gender.ieas-szeged.hu\/venice_erasmus_2013.html\">Walking, Watching, and A-Wakening in Venice<\/a>. <\/em>Mil\u00e1n\u00f3i, Warwicki, Velencei, Szegedi Egyetem egy\u00fcttm\u0171k\u00f6d\u00e9s. Ny\u00e1ri Intenz\u00edv K\u00e9pz\u00e9sben oktat\u00e1s. &#8220;<a href=\"http:\/\/ieas-szeged.hu\/downtherabbithole\/wp-content\/uploads\/2017\/05\/reading_list-www.pdf\">Psychogeography and individual perceptions of space&#8221; modul<\/a><\/p>\n<p>2009 M\u00e1rcius. Universit\u00e0 di Milano, p\u00e1ly\u00e1zat\u00edr\u00e1s: EU Erasmus Intensive Program <em>Walking, Watching, and A-Wakening. Artistic Representations of the Embodied Experience of Space<\/em>. T\u00e1mogat\u00f3k: EU Lifelong Learning Commission, SZTE IEAS<\/p>\n","protected":false},"excerpt":{"rendered":"<p>Csoportos P\u00e1ly\u00e1zatok 2020-2022 EU Erasmus+ Strategic Partnership. SFBB: Short Forms Beyond Borders. Short Forms as a Tool of Cultural, Educational, Social Mediation in Europe (Angers, France; Athens, Greece; Szeged, Hungary; Santiago de Compostela, Spain; Giessen, Germany; Leuven, Belgium) 2018-2021 Spanish Ministry of Economy and Competitiveness. Research Project \u201cBodies in Transit 2\u201d, ref. FFI2017-84555-C2-1-P Project Cluster: [&hellip;]<\/p>\n","protected":false},"author":3,"featured_media":0,"parent":169,"menu_order":0,"comment_status":"closed","ping_status":"closed","template":"","meta":{"footnotes":""},"class_list":["post-177","page","type-page","status-publish","hentry"],"_links":{"self":[{"href":"http:\/\/ieas-szeged.hu\/downtherabbithole\/wp-json\/wp\/v2\/pages\/177","targetHints":{"allow":["GET"]}}],"collection":[{"href":"http:\/\/ieas-szeged.hu\/downtherabbithole\/wp-json\/wp\/v2\/pages"}],"about":[{"href":"http:\/\/ieas-szeged.hu\/downtherabbithole\/wp-json\/wp\/v2\/types\/page"}],"author":[{"embeddable":true,"href":"http:\/\/ieas-szeged.hu\/downtherabbithole\/wp-json\/wp\/v2\/users\/3"}],"replies":[{"embeddable":true,"href":"http:\/\/ieas-szeged.hu\/downtherabbithole\/wp-json\/wp\/v2\/comments?post=177"}],"version-history":[{"count":7,"href":"http:\/\/ieas-szeged.hu\/downtherabbithole\/wp-json\/wp\/v2\/pages\/177\/revisions"}],"predecessor-version":[{"id":1728,"href":"http:\/\/ieas-szeged.hu\/downtherabbithole\/wp-json\/wp\/v2\/pages\/177\/revisions\/1728"}],"up":[{"embeddable":true,"href":"http:\/\/ieas-szeged.hu\/downtherabbithole\/wp-json\/wp\/v2\/pages\/169"}],"wp:attachment":[{"href":"http:\/\/ieas-szeged.hu\/downtherabbithole\/wp-json\/wp\/v2\/media?parent=177"}],"curies":[{"name":"wp","href":"https:\/\/api.w.org\/{rel}","templated":true}]}}