{"id":169,"date":"2017-05-19T06:37:31","date_gmt":"2017-05-19T06:37:31","guid":{"rendered":"http:\/\/ieas-szeged.hu\/downtherabbithole\/?page_id=169"},"modified":"2017-05-19T07:01:45","modified_gmt":"2017-05-19T07:01:45","slug":"tudomanyos-palyazatok-osztondijak","status":"publish","type":"page","link":"http:\/\/ieas-szeged.hu\/downtherabbithole\/rolam\/tudomanyos\/tudomanyos-palyazatok-osztondijak\/","title":{"rendered":"Tudom\u00e1nyos p\u00e1ly\u00e1zatok, \u00f6szt\u00f6nd\u00edjak"},"content":{"rendered":"<h5><a href=\"http:\/\/ieas-szeged.hu\/downtherabbithole\/tudomanyos\/tudomanyos-palyazatok-osztondijak\/egyeni\/\">Egy\u00e9ni <\/a><\/h5>\n<h5><a href=\"http:\/\/ieas-szeged.hu\/downtherabbithole\/tudomanyos\/tudomanyos-palyazatok-osztondijak\/csoportos\/\">Csoportos<\/a><\/h5>\n","protected":false},"excerpt":{"rendered":"<p>Egy\u00e9ni Csoportos<\/p>\n","protected":false},"author":3,"featured_media":0,"parent":159,"menu_order":0,"comment_status":"closed","ping_status":"closed","template":"","meta":{"footnotes":""},"class_list":["post-169","page","type-page","status-publish","hentry"],"_links":{"self":[{"href":"http:\/\/ieas-szeged.hu\/downtherabbithole\/wp-json\/wp\/v2\/pages\/169","targetHints":{"allow":["GET"]}}],"collection":[{"href":"http:\/\/ieas-szeged.hu\/downtherabbithole\/wp-json\/wp\/v2\/pages"}],"about":[{"href":"http:\/\/ieas-szeged.hu\/downtherabbithole\/wp-json\/wp\/v2\/types\/page"}],"author":[{"embeddable":true,"href":"http:\/\/ieas-szeged.hu\/downtherabbithole\/wp-json\/wp\/v2\/users\/3"}],"replies":[{"embeddable":true,"href":"http:\/\/ieas-szeged.hu\/downtherabbithole\/wp-json\/wp\/v2\/comments?post=169"}],"version-history":[{"count":4,"href":"http:\/\/ieas-szeged.hu\/downtherabbithole\/wp-json\/wp\/v2\/pages\/169\/revisions"}],"predecessor-version":[{"id":181,"href":"http:\/\/ieas-szeged.hu\/downtherabbithole\/wp-json\/wp\/v2\/pages\/169\/revisions\/181"}],"up":[{"embeddable":true,"href":"http:\/\/ieas-szeged.hu\/downtherabbithole\/wp-json\/wp\/v2\/pages\/159"}],"wp:attachment":[{"href":"http:\/\/ieas-szeged.hu\/downtherabbithole\/wp-json\/wp\/v2\/media?parent=169"}],"curies":[{"name":"wp","href":"https:\/\/api.w.org\/{rel}","templated":true}]}}