{"id":159,"date":"2017-05-19T06:20:09","date_gmt":"2017-05-19T06:20:09","guid":{"rendered":"http:\/\/ieas-szeged.hu\/downtherabbithole\/?page_id=159"},"modified":"2017-09-16T12:59:02","modified_gmt":"2017-09-16T12:59:02","slug":"tudomanyos","status":"publish","type":"page","link":"http:\/\/ieas-szeged.hu\/downtherabbithole\/rolam\/tudomanyos\/","title":{"rendered":"Tudom\u00e1nyos"},"content":{"rendered":"<p><a href=\"http:\/\/ieas-szeged.hu\/downtherabbithole\/rolam\/tudomanyos\/tudomanyos-kutatocsoportok\/\">Tudom\u00e1nyos Kutat\u00f3csoportok<\/a><\/p>\n<p><a href=\"http:\/\/ieas-szeged.hu\/downtherabbithole\/rolam\/tudomanyos\/tudomanyos-palyazatok-osztondijak\/\">Tudom\u00e1nyos P\u00e1ly\u00e1zatok, \u00d6szt\u00f6nd\u00edjak<\/a><\/p>\n<ul>\n<li><a href=\"http:\/\/ieas-szeged.hu\/downtherabbithole\/rolam\/tudomanyos\/tudomanyos-palyazatok-osztondijak\/egyeni\/\">Egy\u00e9ni<\/a><\/li>\n<li><a href=\"http:\/\/ieas-szeged.hu\/downtherabbithole\/rolam\/tudomanyos\/tudomanyos-palyazatok-osztondijak\/csoportos\/\">Csoportos<\/a><\/li>\n<\/ul>\n<p><a href=\"http:\/\/ieas-szeged.hu\/downtherabbithole\/rolam\/tudomanyos\/tudomanyos-szervezetekben-tagsag\/\">Tudom\u00e1nyos szervezetekben tags\u00e1g<\/a><\/p>\n","protected":false},"excerpt":{"rendered":"<p>Tudom\u00e1nyos Kutat\u00f3csoportok Tudom\u00e1nyos P\u00e1ly\u00e1zatok, \u00d6szt\u00f6nd\u00edjak Egy\u00e9ni Csoportos Tudom\u00e1nyos szervezetekben tags\u00e1g<\/p>\n","protected":false},"author":3,"featured_media":0,"parent":77,"menu_order":0,"comment_status":"closed","ping_status":"closed","template":"","meta":{"footnotes":""},"class_list":["post-159","page","type-page","status-publish","hentry"],"_links":{"self":[{"href":"http:\/\/ieas-szeged.hu\/downtherabbithole\/wp-json\/wp\/v2\/pages\/159","targetHints":{"allow":["GET"]}}],"collection":[{"href":"http:\/\/ieas-szeged.hu\/downtherabbithole\/wp-json\/wp\/v2\/pages"}],"about":[{"href":"http:\/\/ieas-szeged.hu\/downtherabbithole\/wp-json\/wp\/v2\/types\/page"}],"author":[{"embeddable":true,"href":"http:\/\/ieas-szeged.hu\/downtherabbithole\/wp-json\/wp\/v2\/users\/3"}],"replies":[{"embeddable":true,"href":"http:\/\/ieas-szeged.hu\/downtherabbithole\/wp-json\/wp\/v2\/comments?post=159"}],"version-history":[{"count":3,"href":"http:\/\/ieas-szeged.hu\/downtherabbithole\/wp-json\/wp\/v2\/pages\/159\/revisions"}],"predecessor-version":[{"id":928,"href":"http:\/\/ieas-szeged.hu\/downtherabbithole\/wp-json\/wp\/v2\/pages\/159\/revisions\/928"}],"up":[{"embeddable":true,"href":"http:\/\/ieas-szeged.hu\/downtherabbithole\/wp-json\/wp\/v2\/pages\/77"}],"wp:attachment":[{"href":"http:\/\/ieas-szeged.hu\/downtherabbithole\/wp-json\/wp\/v2\/media?parent=159"}],"curies":[{"name":"wp","href":"https:\/\/api.w.org\/{rel}","templated":true}]}}