{"id":1414,"date":"2019-05-05T07:37:27","date_gmt":"2019-05-05T07:37:27","guid":{"rendered":"http:\/\/ieas-szeged.hu\/downtherabbithole\/?page_id=1414"},"modified":"2019-05-05T07:52:32","modified_gmt":"2019-05-05T07:52:32","slug":"2018-autistic-art","status":"publish","type":"page","link":"http:\/\/ieas-szeged.hu\/downtherabbithole\/keptelensegek\/2018-autistic-art\/","title":{"rendered":"2018, Autistic Art"},"content":{"rendered":"<p><a href=\"https:\/\/poketonline.hu\/\">POKET<\/a> Zsebk\u00f6nyv sorozat 10. k\u00f6tete, 2018. <a href=\"https:\/\/deszkavizio.hu\/az-alice-csodaorszagban-lett-a-tizedik-poket-zsebkonyv\/\">Gryllus Dorka aj\u00e1nl\u00e1s\u00e1val<\/a><\/p>\n<p>Szobotka-Kosztol\u00e1nyi ford\u00edt\u00e1s. Hib\u00e1san Kosztol\u00e1nyi neve van felt\u00fcntetve ford\u00edt\u00f3k\u00e9nt.<\/p>\n<p>Illusztr\u00e1ci\u00f3k: Autistic Art Alap\u00edtv\u00e1ny m\u0171v\u00e9szetter\u00e1pi\u00e1s foglalkoz\u00e1sain alkot\u00f3 fiatalok, Kalocsai N\u00f3ra, Bihari L\u00e1szl\u00f3, Varga M\u00e1t\u00e9, Kiss P\u00e9ter, Szappanos Istv\u00e1n, N\u00f3t\u00e1r Imre \u00e9s Zolt\u00e1n G\u00e1bor rajzai<\/p>\n<p>Az autizmussal \u00e9l\u0151 fiatalok rajzait Pet\u00e9nyi Z. Tibor grafikusm\u0171v\u00e9sz illesztette a k\u00f6nyvbe. \u201eTiszta \u00e9s mag\u00e1t\u00f3l \u00e9rtet\u0151d\u0151 folyamat volt sz\u00e1momra a t\u00f6rt\u00e9net Autistic Art-alkot\u00e1sokkal val\u00f3 illusztr\u00e1l\u00e1sa. Adta mag\u00e1t, hogy melyik alkot\u00f3t\u00f3l k\u00f6lcs\u00f6n\u00f6zz\u00fck Alice karakter\u00e9t, a furcsa \u00e1llatokat, \u00e9p\u00fcleteket, n\u00f6v\u00e9nyeket vagy csak azt, hogy mik\u00e9nt mutassunk meg egy kiab\u00e1l\u00f3s, cs\u00f6r\u00f6mp\u00f6l\u0151s hangzavart\u201d<\/p>\n<p><img loading=\"lazy\" decoding=\"async\" class=\"alignnone size-full wp-image-1415\" src=\"http:\/\/ieas-szeged.hu\/downtherabbithole\/wp-content\/uploads\/2019\/05\/Poket.jpg\" alt=\"\" width=\"259\" height=\"400\" srcset=\"http:\/\/ieas-szeged.hu\/downtherabbithole\/wp-content\/uploads\/2019\/05\/Poket.jpg 259w, http:\/\/ieas-szeged.hu\/downtherabbithole\/wp-content\/uploads\/2019\/05\/Poket-194x300.jpg 194w\" sizes=\"auto, (max-width: 259px) 100vw, 259px\" \/><\/p>\n<p><img loading=\"lazy\" decoding=\"async\" class=\"alignnone size-full wp-image-1418\" src=\"http:\/\/ieas-szeged.hu\/downtherabbithole\/wp-content\/uploads\/2019\/05\/poket2.jpg\" alt=\"\" width=\"712\" height=\"555\" srcset=\"http:\/\/ieas-szeged.hu\/downtherabbithole\/wp-content\/uploads\/2019\/05\/poket2.jpg 712w, http:\/\/ieas-szeged.hu\/downtherabbithole\/wp-content\/uploads\/2019\/05\/poket2-300x234.jpg 300w\" sizes=\"auto, (max-width: 712px) 100vw, 712px\" \/><\/p>\n<p><img loading=\"lazy\" decoding=\"async\" class=\"alignnone size-full wp-image-1419\" src=\"http:\/\/ieas-szeged.hu\/downtherabbithole\/wp-content\/uploads\/2019\/05\/poket3.jpg\" alt=\"\" width=\"712\" height=\"555\" srcset=\"http:\/\/ieas-szeged.hu\/downtherabbithole\/wp-content\/uploads\/2019\/05\/poket3.jpg 712w, http:\/\/ieas-szeged.hu\/downtherabbithole\/wp-content\/uploads\/2019\/05\/poket3-300x234.jpg 300w\" sizes=\"auto, (max-width: 712px) 100vw, 712px\" \/><img loading=\"lazy\" decoding=\"async\" class=\"alignnone size-full wp-image-1420\" src=\"http:\/\/ieas-szeged.hu\/downtherabbithole\/wp-content\/uploads\/2019\/05\/poket4.jpg\" alt=\"\" width=\"358\" height=\"555\" srcset=\"http:\/\/ieas-szeged.hu\/downtherabbithole\/wp-content\/uploads\/2019\/05\/poket4.jpg 358w, http:\/\/ieas-szeged.hu\/downtherabbithole\/wp-content\/uploads\/2019\/05\/poket4-194x300.jpg 194w\" sizes=\"auto, (max-width: 358px) 100vw, 358px\" \/><\/p>\n<p><img loading=\"lazy\" decoding=\"async\" class=\"alignnone size-full wp-image-1421\" src=\"http:\/\/ieas-szeged.hu\/downtherabbithole\/wp-content\/uploads\/2019\/05\/poket_100_szoban_a_varos-400x400.jpg\" alt=\"\" width=\"400\" height=\"400\" srcset=\"http:\/\/ieas-szeged.hu\/downtherabbithole\/wp-content\/uploads\/2019\/05\/poket_100_szoban_a_varos-400x400.jpg 400w, http:\/\/ieas-szeged.hu\/downtherabbithole\/wp-content\/uploads\/2019\/05\/poket_100_szoban_a_varos-400x400-150x150.jpg 150w, http:\/\/ieas-szeged.hu\/downtherabbithole\/wp-content\/uploads\/2019\/05\/poket_100_szoban_a_varos-400x400-300x300.jpg 300w, http:\/\/ieas-szeged.hu\/downtherabbithole\/wp-content\/uploads\/2019\/05\/poket_100_szoban_a_varos-400x400-88x88.jpg 88w\" sizes=\"auto, (max-width: 400px) 100vw, 400px\" \/><\/p>\n","protected":false},"excerpt":{"rendered":"<p>POKET Zsebk\u00f6nyv sorozat 10. k\u00f6tete, 2018. Gryllus Dorka aj\u00e1nl\u00e1s\u00e1val Szobotka-Kosztol\u00e1nyi ford\u00edt\u00e1s. Hib\u00e1san Kosztol\u00e1nyi neve van felt\u00fcntetve ford\u00edt\u00f3k\u00e9nt. Illusztr\u00e1ci\u00f3k: Autistic Art Alap\u00edtv\u00e1ny m\u0171v\u00e9szetter\u00e1pi\u00e1s foglalkoz\u00e1sain alkot\u00f3 fiatalok, Kalocsai N\u00f3ra, Bihari L\u00e1szl\u00f3, Varga M\u00e1t\u00e9, Kiss P\u00e9ter, Szappanos Istv\u00e1n, N\u00f3t\u00e1r Imre \u00e9s Zolt\u00e1n G\u00e1bor rajzai Az autizmussal \u00e9l\u0151 fiatalok rajzait Pet\u00e9nyi Z. Tibor grafikusm\u0171v\u00e9sz illesztette a k\u00f6nyvbe. \u201eTiszta \u00e9s [&hellip;]<\/p>\n","protected":false},"author":3,"featured_media":0,"parent":83,"menu_order":0,"comment_status":"closed","ping_status":"closed","template":"","meta":{"footnotes":""},"class_list":["post-1414","page","type-page","status-publish","hentry"],"_links":{"self":[{"href":"http:\/\/ieas-szeged.hu\/downtherabbithole\/wp-json\/wp\/v2\/pages\/1414","targetHints":{"allow":["GET"]}}],"collection":[{"href":"http:\/\/ieas-szeged.hu\/downtherabbithole\/wp-json\/wp\/v2\/pages"}],"about":[{"href":"http:\/\/ieas-szeged.hu\/downtherabbithole\/wp-json\/wp\/v2\/types\/page"}],"author":[{"embeddable":true,"href":"http:\/\/ieas-szeged.hu\/downtherabbithole\/wp-json\/wp\/v2\/users\/3"}],"replies":[{"embeddable":true,"href":"http:\/\/ieas-szeged.hu\/downtherabbithole\/wp-json\/wp\/v2\/comments?post=1414"}],"version-history":[{"count":3,"href":"http:\/\/ieas-szeged.hu\/downtherabbithole\/wp-json\/wp\/v2\/pages\/1414\/revisions"}],"predecessor-version":[{"id":1422,"href":"http:\/\/ieas-szeged.hu\/downtherabbithole\/wp-json\/wp\/v2\/pages\/1414\/revisions\/1422"}],"up":[{"embeddable":true,"href":"http:\/\/ieas-szeged.hu\/downtherabbithole\/wp-json\/wp\/v2\/pages\/83"}],"wp:attachment":[{"href":"http:\/\/ieas-szeged.hu\/downtherabbithole\/wp-json\/wp\/v2\/media?parent=1414"}],"curies":[{"name":"wp","href":"https:\/\/api.w.org\/{rel}","templated":true}]}}