{"id":1179,"date":"2018-02-05T14:43:16","date_gmt":"2018-02-05T14:43:16","guid":{"rendered":"http:\/\/ieas-szeged.hu\/downtherabbithole\/?page_id=1179"},"modified":"2025-12-07T18:12:09","modified_gmt":"2025-12-07T18:12:09","slug":"challenging-the-heterosexist","status":"publish","type":"page","link":"http:\/\/ieas-szeged.hu\/downtherabbithole\/rolam\/oktatas\/szeminariumaim\/challenging-the-heterosexist\/","title":{"rendered":"Challenging the heterosexist"},"content":{"rendered":"<p><strong>Challenging the heterosexist confines of representation <\/strong><\/p>\n<p>lit\/cult, sem, 2, Gender MA, <em>ANG-MA-SZ13<\/em> <strong>MA Thesis-related seminar<br \/>\n<\/strong><\/p>\n<p>In this thesis related seminar designed for second year MA students specialised in gender studies we shall interpret the cultural construction of identity in terms of enworlded, embodied discursive performances, and explore how ideologically prescribed narratives are organised by the hegemonic logic of heterosexual reproductive masterplot of \u201cfamily romance\u201d, and how subversive feminist counter-narrative practices \u2013 ranging from female gothic, to feminist metafiction, and gender- and genre bending transmedia storytelling \u2013 may challenge ready-made representational confines. Our aim is to discover, along the lines of Judith Roof\u2019s feminist narratological activist agenda, how sexuality and narrative can be disentangled to reclaim voices for the silenced othered, and alter oppressive socio-political practices. Grading is based on classroom activity, reading journals, presentations, and a final essay.<\/p>\n<p>Susan Lanser. <a href=\"http:\/\/www.lhn.uni-hamburg.de\/article\/gender-and-narrative\">\u201cGender and Narrative.\u201d<\/a> <em>The Living Handbook of Narratology<\/em>, 2013.<\/p>\n<p>Susan Lanser. \u201c<a href=\"http:\/\/ieas-szeged.hu\/downtherabbithole\/wp-content\/uploads\/2018\/02\/Susan-Lanser.-Toward-a-Feminist-Narratology.pdf\">Toward a Feminist Narratology<\/a>\u201d <em>Style<\/em>. 1986.<\/p>\n<p>Susan Lanser. \u201c<a href=\"http:\/\/ieas-szeged.hu\/downtherabbithole\/wp-content\/uploads\/2018\/02\/Lanser.-A-Queerer-More-Feminist-Narratology.pdf\">Toward a Queerer, and More Feminist Narratology<\/a>&#8221; in Eds. Warhol and Lanser. <em>Narrative Theory Unbound. Queer and Feminist Interventions<\/em>. Ohio UP, 2015.<\/p>\n<p>Judith Roof. &#8220;<a href=\"http:\/\/ieas-szeged.hu\/downtherabbithole\/wp-content\/uploads\/2018\/02\/Roof-Comes-as-you-are-Intro.pdf\">Introduction&#8221;<\/a> <em>Come as You Are. Sexuality and Narrative<\/em>. Columbia UP, 1996.<\/p>\n<p>K\u00e9rchy Anna. <a href=\"http:\/\/ieas-szeged.hu\/downtherabbithole\/wp-content\/uploads\/2018\/02\/A-feminista-narratol\u00f3gia-dilemm\u00e1i-\u00e9s-a-korpore\u00e1lis-narratol\u00f3gia-lehet\u0151s\u00e9gei.pdf\">A feminista narratol\u00f3gia dilemm\u00e1i \u00e9s a korpore\u00e1lis narratol\u00f3gia lehet\u0151s\u00e9gei<\/a> <em>\u00daj elm\u00e9letek a narratol\u00f3gi\u00e1ban<\/em>. Ed. Erzs\u00e9bet Szab\u00f3. Szeged: Grimm, 2010.<\/p>\n<p>Ato Quayson. \u201cAesthetic nervousness,\u201d David Mitchell, Sharon Snyder. \u201cNarrative Prosthesis,\u201d Margaret Price. \u201cDefining Mental Disability\u201d in <em>Lennard J. Davis (ed.)-The Disability Studies Reader-Routledge (2014)<\/em><\/p>\n<p>Jody Norton. \u201c<a href=\"http:\/\/ieas-szeged.hu\/downtherabbithole\/wp-content\/uploads\/2018\/02\/EPSON009.pdf\">Transchildren <\/a> and the Discipline of Children\u2019s Literature\u201d in <em>Over the Rainbow. Queer Children\u2019s and YA Literature<\/em>. Eds. Kenneth B Kidd and Ann Abate. U of Michigan P, 2011,<\/p>\n<p>Bacchilega and Rieder. \u201cMixing it Up. Generic Complexity and Gender Ideology in 21<sup>st<\/sup> Century Fairy-Tale Film\u201d in<em> <a href=\"http:\/\/ieas-szeged.hu\/downtherabbithole\/wp-content\/uploads\/2018\/02\/Fairy-Tale-Films.pdf\">Fairy Tale Films. Visions of Ambiguity<\/a><\/em>. Eds. Pauline Greenhill and Sidney Eve Matrix. Utah State UP, 2010. 23-42.<\/p>\n<p>Diana Wallace. \u201eThe Haunting Idea. Female Gothic Metaphors and Feminist Theory.\u201d in Wallace and Smith eds.\u00a0<a href=\"http:\/\/ieas-szeged.hu\/downtherabbithole\/wp-content\/uploads\/2018\/02\/Diana_Wallace_Andrew_Smith_The_Female_Gothic_New_Directions.pdf\">The_Female_Gothic: New_Directions<\/a> Palgrave Macmillan, 2009. 26-42.<\/p>\n<p>Barbara Creed. \u201cMedusa\u2019s Head\u201d \/\u201cMedusa\u2019s Gaze\u201d in\u00a0 <a href=\"http:\/\/ieas-szeged.hu\/downtherabbithole\/wp-content\/uploads\/2018\/02\/Barbara-Creed-The-Monstrous-Feminine-2007.pdf\">The Monstrous Feminine<\/a>. Routledge, 1993.<\/p>\n<p>Judith Halberstam. \u201c<a href=\"http:\/\/ieas-szeged.hu\/downtherabbithole\/wp-content\/uploads\/2018\/02\/Parasites-and-Perverts_An-Introduction-to-Gothic-Monstrosity.pdf\">Parasites and Perverts_An Introduction to Gothic Monstrosity<\/a>&#8221; <em>Skin Shows. Gothic Horror and the Technology of Monsters<\/em>. Duke UP, 1995. 1-28.<\/p>\n<p>Elspeth Probyn. \u201c<a href=\"http:\/\/ieas-szeged.hu\/downtherabbithole\/wp-content\/uploads\/2018\/02\/Writing-Shame-Probyn.pdf\">Writing Shame<\/a>\u201d in <em>The Affect Theory Reader<\/em>. Duke UP, 2010.<\/p>\n<p>Margrit Shildrick and Janet Price. \u201c Vital Signs. Texts, Bodies, Biomedicine.\u201d in <em>Vital Signs. Feminist Reconfigurations of the Bio\/logical Body<\/em>. Edinburgh UP, 1998.<\/p>\n<p>Paul Aantze. \u201c<a href=\"http:\/\/ieas-szeged.hu\/downtherabbithole\/wp-content\/uploads\/2018\/02\/Antze_Telling-Stories.pdf\">Telling Stories<\/a>. Making Selves: Memory and Identity in Multiple Personality Disorder\u201d in <em>Tense Past. Cultural Essays in Trauma and Memory<\/em>. Eds. Paul Aantze and Michael Lambek. Routledge,<\/p>\n<p>Judith Halberstam. \u201cAnimating Revolt, Revolting Animation\u201d. <em><a href=\"http:\/\/ieas-szeged.hu\/downtherabbithole\/wp-content\/uploads\/2018\/02\/Judith_Halberstam_The_Queer_Art_of_Failure.pdf\">The Queer_Art_of_Failure<\/a>.<\/em> Duke UP, 2011.<\/p>\n<p>Judith Halberstam. \u201cQueer Temporality and Postmodern Geographies\u201d <em><a href=\"http:\/\/ieas-szeged.hu\/downtherabbithole\/wp-content\/uploads\/2018\/02\/Judith-Halberstam-In-a-Queer-Time-and-Place_-Transgender-Bodies-Subcultural-Lives-Sexual-Cultures-2005.pdf\">In a Queer Time and Place_ Transgender Bodies, Subcultural Lives<\/a><\/em>. NY UP, 2005<\/p>\n<p>Teresa de Lauretis. \u201cDesire in Narrative\u201d in <a href=\"https:\/\/monoskop.org\/images\/c\/ce\/De_Lauretis_Teresa_Alice_Doesnt_Feminism_Semiotics_Cinema_1984.pdf\">Alice Doesn&#8217;t. Feminism, Semiotics, Cinema, 1984.<\/a><\/p>\n<p>Ursula K Le Guin. <a href=\"http:\/\/ieas-szeged.hu\/downtherabbithole\/wp-content\/uploads\/2018\/02\/Ursula-K.-Le-Guin-The-Left-Hand-of-Darkness.pdf\">The Left Hand of Darkness<\/a><\/p>\n","protected":false},"excerpt":{"rendered":"<p>Challenging the heterosexist confines of representation lit\/cult, sem, 2, Gender MA, ANG-MA-SZ13 MA Thesis-related seminar In this thesis related seminar designed for second year MA students specialised in gender studies we shall interpret the cultural construction of identity in terms of enworlded, embodied discursive performances, and explore how ideologically prescribed narratives are organised by the [&hellip;]<\/p>\n","protected":false},"author":3,"featured_media":0,"parent":207,"menu_order":0,"comment_status":"closed","ping_status":"closed","template":"","meta":{"footnotes":""},"class_list":["post-1179","page","type-page","status-publish","hentry"],"_links":{"self":[{"href":"http:\/\/ieas-szeged.hu\/downtherabbithole\/wp-json\/wp\/v2\/pages\/1179","targetHints":{"allow":["GET"]}}],"collection":[{"href":"http:\/\/ieas-szeged.hu\/downtherabbithole\/wp-json\/wp\/v2\/pages"}],"about":[{"href":"http:\/\/ieas-szeged.hu\/downtherabbithole\/wp-json\/wp\/v2\/types\/page"}],"author":[{"embeddable":true,"href":"http:\/\/ieas-szeged.hu\/downtherabbithole\/wp-json\/wp\/v2\/users\/3"}],"replies":[{"embeddable":true,"href":"http:\/\/ieas-szeged.hu\/downtherabbithole\/wp-json\/wp\/v2\/comments?post=1179"}],"version-history":[{"count":12,"href":"http:\/\/ieas-szeged.hu\/downtherabbithole\/wp-json\/wp\/v2\/pages\/1179\/revisions"}],"predecessor-version":[{"id":1752,"href":"http:\/\/ieas-szeged.hu\/downtherabbithole\/wp-json\/wp\/v2\/pages\/1179\/revisions\/1752"}],"up":[{"embeddable":true,"href":"http:\/\/ieas-szeged.hu\/downtherabbithole\/wp-json\/wp\/v2\/pages\/207"}],"wp:attachment":[{"href":"http:\/\/ieas-szeged.hu\/downtherabbithole\/wp-json\/wp\/v2\/media?parent=1179"}],"curies":[{"name":"wp","href":"https:\/\/api.w.org\/{rel}","templated":true}]}}